*u - t*u - 5. Suppose 3*i + 5 = 5*i + 5*l, -l = i - 1. Determine p(i).
11
Let y(i) = 3 - 2 - 1 - 5*i. Let d be (24 + 0)*42/56. Let o = 17 - d. Give y(o).
5
Let r(y) = 8*y - 14. Let k(h) = -4. Let j(t) = -3*k(t) + r(t). What is j(2)?
14
Let n(l) be the third derivative of l**5/40 - 5*l**3/6 + 5*l**2. Let m(f) be the first derivative of n(f). Let i = 61 + -63. What is m(i)?
-6
Let h be (12/38)/(76/722). Let w(a) = 3*a**2 + 2*a. Let t(o) = o**2 + o. Let i(v) = 5*t(v) - 2*w(v). Determine i(h).
-6
Let y(w) = -4*w + 2. Suppose c = 3*k + 5, 3*k - 3 = -3*c - 0*c. Let s(g) = c + 4*g + g**2 - 4*g - g + 6*g. Let i be s(-5). Give y(i).
-6
Let n(f) be the third derivative of 3*f**5/20 + f**4/24 + f**2. Suppose 35*h + 23 = 58*h. Give n(h).
10
Let n(u) = 42*u + 1. Suppose 0 = 3*i + 3, -8 = -3*m + 31*i - 26*i. Calculate n(m).
43
Suppose 4*i + 1 = 21. Let z(k) be the third derivative of 0*k + 0 + 1/60*k**5 - 1/6*k**3 - 5/24*k**4 + 10*k**2. Give z(i).
-1
Suppose z + 41 = -5*f, 2*z = -2*z + 4*f - 92. Let s = -25 - z. Let j(v) = s - 3 - 1 - v. Give j(3).
-6
Let k(l) be the third derivative of l**5/60 - 7*l**4/12 + 2*l**3 + 30*l**2 + 1. Calculate k(13).
-1
Suppose 22*k - 64 = 156. Let s(m) = m**2 - 12*m + 14. Calculate s(k).
-6
Let v be (-4 - 186/(-42)) + 124/(-28). Let a(o) = -2*o. Calculate a(v).
8
Let w = 96 - 86. Suppose 4*g + w = 2*k, g - 3*g - 2 = -2*k. Let l(d) = d + 5. What is l(g)?
1
Let y(u) = 3*u**2 + 2*u - 6. Let z(d) = 5*d**2 + 5*d - 11. Let s(l) = -7*y(l) + 4*z(l). Let q = -38 + 45. What is s(q)?
-9
Let m(j) = -35*j - 39*j + 72*j + 15. What is m(7)?
1
Let j(v) = -4*v**3 + 9*v**2 + v - 70. Let o(i) = -9*i**3 + 21*i**2 + 2*i - 140. Let c(n) = 7*j(n) - 3*o(n). What is c(0)?
-70
Let r = 7 - 4. Suppose -r*t = t - 12. Let z(g) = 2 + t - 5*g**2 + g - 5. Give z(1).
-4
Let f(v) be the first derivative of -v**3/3 - 21*v**2/2 - 24*v - 432. Calculate f(-20).
-4
Let c(q) = q**3 + 3*q**2 - 4*q - 3. Suppose -10 = 5*z + 2*u, 2*z + 5*u - 9 - 8 = 0. What is c(z)?
-3
Suppose 5*h - 5*s = 10 + 35, 2*h - 15 = -s. Let f(i) = -i**3 + 8*i**2 - i + 7. Calculate f(h).
-1
Let a(o) = -o - 7*o - 55 + 62. Let t(v) = 7*v - 6. Let u(r) = -6*a(r) - 7*t(r). What is u(5)?
-5
Let d(a) be the third derivative of a**7/560 + 7*a**5/60 - a**3/3 + 13*a**2. Let u(r) be the third derivative of d(r). Calculate u(-1).
-9
Let a(n) = 2*n**2 + 5*n - 4. Suppose g - 5*s - 164 = 0, -2*g - s + 25 + 292 = 0. Let l = g - 163. What is a(l)?
8
Suppose 0 = -3*m + 2*m - 4*l - 3, 0 = -3*m + 4*l - 9. Let h(k) be the third derivative of -k**6/120 - k**5/15 - k**4/12 + k**3/2 - 88*k**2. Give h(m).
0
Let j = 1686 - 1684. Let b(w) be the first derivative of -w + 11 + 1/3*w**3 + 0*w**j. What is b(-2)?
3
Suppose 5*d = 2*y - 1, 4*y = 8*y + 3*d - 15. Let o(x) = -8*x**2 - 118*x + y + x**3 + 7 + 122*x. Calculate o(7).
-11
Let y(z) be the third derivative of z**5/60 - z**4/6 - 4*z**3/3 + 107*z**2 - 1. What is y(7)?
13
Let o be (-101)/(-101)*((-2)/(-1))/(-2). Let x(s) = 4*s + 1. What is x(o)?
-3
Suppose -33 + 3 = -2*t. Suppose -9*z = -6*z - t. Let y(x) = -101*x + 50*x + 7 + 50*x. Determine y(z).
2
Let q(j) = -j**3 + 9*j**2 + 2*j - 12. Let a(z) = z - 5. Suppose -b + 7 + 7 = 0. Let n be a(b). Give q(n).
6
Let h(t) = 2*t**2 - 3*t - 2. Suppose 0 = -0*v - 5*v + 5*d + 15, 3*v = -d + 1. Let w be v*(-2 - -9 - (6 - 2)). Determine h(w).
7
Let u(w) be the first derivative of -3/2*w**2 + 17 + 6*w. Determine u(4).
-6
Let z be 0 - (-6)/(-9)*-3. Let s(y) = y**3 + y - 7*y**z + 4*y - y + 0*y + 8. Give s(6).
-4
Let b(h) be the third derivative of -h**4/8 - h**3/6 + 7*h**2. Let a be 31 + -7 + (-2)/(-2). Let d be (10/a)/(2/5). What is b(d)?
-4
Suppose 3*k = -7*k + 8*k. Let p(j) = j + 1. Determine p(k).
1
Let c(o) be the first derivative of -o**3/3 - 7*o**2/2 + 6*o - 7. Suppose 55*f + 174 = 26*f. Calculate c(f).
12
Let t(y) = 6. Let i(f) = -f + 5 + 3*f - 2*f + f. Let w(v) = 3*i(v) - 2*t(v). What is w(-5)?
-12
Suppose 0*y = 19*y - 95. Let p(w) = -4*w. Calculate p(y).
-20
Let p(h) = -6*h. Let u(z) = z + 1. Suppose -5*g - 8 = 7. Let q be u(g). What is p(q)?
12
Let w(r) be the third derivative of -r**4/24 - 3*r**3/2 + 39*r**2. Determine w(-4).
-5
Let m(q) = -q + 5. Let t(w) = w**3 + 3*w**2 + w + 12. Let s be t(-3). What is m(s)?
-4
Let q(m) = m**3 - 4*m**2 - 7*m + 6. Let u = -405 + 410. Calculate q(u).
-4
Let i(s) = -s**3 + 2*s**2 - 5*s + 2. Let b be (-176)/(-55)*5/4. Calculate i(b).
-50
Let g be (-84)/(-18) - 6/9. Suppose g*f + 7 = -3*n, -3*f + 11 = -0*n - n. Let l(m) = -m**2 - 6*m + 7. What is l(n)?
12
Let v(o) = 2*o - 7. Let h be v(1). Let n(t) be the third derivative of 0*t - 5/24*t**4 + 5/6*t**3 - t**2 - 1/120*t**6 - 1/10*t**5 + 0. Determine n(h).
5
Let h(x) be the first derivative of x**4/4 + x**3 - 5*x**2/2 - x + 79. What is h(-4)?
3
Let r(o) = -13*o. Suppose 5*b = g - 3 - 0, 0 = 3*g - b + 33. Let u = g + 14. Give r(u).
-26
Let o be (38 - 35) + 3/((-27)/24). Let h(v) be the first derivative of 2*v**2 + o*v**3 - 3*v + 5. Give h(-4).
-3
Let s be 9/(-15) + 90/25. Let t(f) = 3*f**2 - 4*f - 3 + 5 + 0*f + f**s - 6*f**2. Determine t(4).
2
Let z(c) = c**2 - 2*c + 3. Let o = 29 - 14. Let l(i) = i**3 - i**2 - 4*i + 13. Let d be l(0). Let y = o - d. Give z(y).
3
Let u(s) = s**2 - 5*s + 4. Suppose 23*x = 19*x - 60. Let k = x - -19. Give u(k).
0
Suppose j - 4 = 2*j. Let a(z) = z**2 - z + 1. Let o(u) = u**3 + 6*u**2 - 4*u + 7. Let g be -4 + (-4)/((-12)/9). Let p(s) = g*o(s) + 3*a(s). Give p(j).
8
Let m(t) = 771*t**3 - 2*t + 1. Let a be m(1). Let h be a/98 + 1/7. Let f be 9/36 - 2/h. Let z(y) = y - 2. Give z(f).
-2
Let t(r) = 5*r**3 + 8*r**2 + 10*r. Let n(y) = 17*y**3 + 25*y**2 + 31*y - 1. Let z(g) = 2*n(g) - 7*t(g). Calculate z(-5).
13
Suppose -3*m - k = -3, -6 + 4 = -2*m + 4*k. Let y(x) be the second derivative of -9*x**5/20 - 3622*x. Determine y(m).
-9
Let i(s) = 13*s**3 - 11*s**2 - 9*s + 9. Let o(m) = 3*m**3 - 3*m**2 - 2*m + 2. Let u(v) = -2*i(v) + 9*o(v). Give u(5).
0
Let b(a) = a**3 - 2*a**2 - 8*a + 17. Let c = -1298 + 1301. Determine b(c).
2
Let h(r) = -r + 5. Let d be h(5). Suppose -2*g + d*g + 10 = 0. Let v(x) = 7 + 2*x - 4*x + 0*x. What is v(g)?
-3
Suppose -19*n + 21*n - 24 = 14*n. Let h(l) be the third derivative of -l**4/6 - l**3/6 - l**2. What is h(n)?
7
Let u(k) = -k**2 - 6. Suppose -5*h - 61 = 74. Let b = 27 + h. What is u(b)?
-6
Let b(u) be the second derivative of -u**5/20 - u**4/3 - u**3/3 - u**2/2 + 2*u. Let f = -38 + 72. Let o = f - 38. Calculate b(o).
7
Let y(d) = -d**2 - 6*d - 7. Suppose 24 = -3*r - 0. Let h be (r + (-4)/(-2))/(-2). Suppose -5 + 20 = -h*a. Determine y(a).
-2
Let b = -15 - -17. Let a(l) = -l + 8. Let g(d) = 2*d - 15. Let v(j) = b*g(j) + 5*a(j). Suppose 3*u + 0 = -t - 9, -3*t + 3*u = -9. What is v(t)?
10
Let m(y) be the third derivative of 7*y**6/120 + y**5/60 - y**4/24 - y**3/6 - y**2. Let t = 61 - 55. Suppose 4*u + t - 2 = 0. Calculate m(u).
-6
Let k(l) = l**3 - 6*l**2 + 4*l - 1. Let r(w) be the second derivative of w**3/6 + w**2/2 + 266*w. Let p(n) = -n - 1. Let z be p(-5). Let q be r(z). Give k(q).
-6
Let l(u) = 1 - 5*u**3 + 3*u**2 - 7*u**2 + 4*u**3 + 6*u**2 + u. Let v be 5 + -1*(7 - 4). Give l(v).
3
Let h(a) = a**3 - 4*a**2 - 2*a + 5. Suppose 3*s - 6 = 3. Suppose t - 14 = -4*y + 10, s*t + 4*y - 32 = 0. Give h(t).
-3
Let m(g) = 20*g**3 + 9*g**2 - 2*g + 17. Let x(t) = 9*t**3 + 4*t**2 - t + 8. Let o(u) = -6*m(u) + 13*x(u). Calculate o(-2).
20
Let o be 289/(-255) + 6/45. Let u(a) = 53*a**2 + a + 1. Calculate u(o).
53
Let m(o) = 4*o + o**2 + 0*o**2 + 0 + 2. Let j be m(-3). Let t(s) be the third derivative of -s**6/24 + s**5/60 - s**3/6 + 37*s**2. Give t(j).
5
Let a(v) = 4*v**2 + 3*v. Let o be 28/49*(-70)/20. Give a(o).
10
Suppose -4341*a + 4340*a + 3 = 0. Let m(q) = -q**2 + 11*q - 19. Determine m(a).
5
Let h(i) = -4*i + 2. Suppose -4*q + 8 = 2*l, -6*q + q + 15 = 5*l. Let m(v) = -2*v. Let r be m(l). Give h(r).
18
Let q(s) = s**2 - s + 10. Let k be 12*(4 - (-39)/(-9)). Let g = -4 - k. What is q(g)?
10
Let m(b) be the first derivative of -b**4/12 + 2*b**3/3 + 7*b**2 + 6. Let v(q) be the second derivative of m(q). Calculate v(3).
-2
Suppose -5*n - 1 = -11. Let g(d) = 0 - 9*d**n + d + 0. Let v = 2109 + -2108. Calculate g(v).
-8
Let s = -840 + 833. Let z(x) = -3*x. Calculate z(s).
21
Suppose -n = -2*n - 4*h + 13, -3*h 